ndred thousands digit of 3872786?
8
What is the thousands digit of 750004?
0
What is the millions digit of 13406857?
3
What is the hundred thousands digit of 4650349?
6
What is the hundred thousands digit of 331474?
3
What is the ten thousands digit of 6655403?
5
What is the hundred thousands digit of 1061403?
0
What is the ten thousands digit of 1080378?
8
What is the hundreds digit of 928529?
5
What is the millions digit of 4509828?
4
What is the millions digit of 3506866?
3
What is the tens digit of 378320?
2
What is the thousands digit of 3750640?
0
What is the millions digit of 2185550?
2
What is the ten thousands digit of 315326?
1
What is the ten thousands digit of 1216717?
1
What is the thousands digit of 1577810?
7
What is the hundred thousands digit of 823672?
8
What is the tens digit of 358259?
5
What is the hundreds digit of 15645429?
4
What is the thousands digit of 133089?
3
What is the tens digit of 24008?
0
What is the hundreds digit of 236325?
3
What is the tens digit of 13458855?
5
What is the hundreds digit of 157911?
9
What is the ten thousands digit of 2873629?
7
What is the hundreds digit of 391556?
5
What is the hundreds digit of 772898?
8
What is the units digit of 775931?
1
What is the thousands digit of 489414?
9
What is the ten thousands digit of 447292?
4
What is the units digit of 512361?
1
What is the tens digit of 2395049?
4
What is the millions digit of 6204747?
6
What is the tens digit of 3023378?
7
What is the tens digit of 2823346?
4
What is the hundreds digit of 745636?
6
What is the thousands digit of 12244057?
4
What is the ten thousands digit of 416396?
1
What is the tens digit of 353129?
2
What is the ten thousands digit of 543921?
4
What is the thousands digit of 533500?
3
What is the tens digit of 34402?
0
What is the hundreds digit of 2660655?
6
What is the hundreds digit of 1907?
9
What is the ten thousands digit of 2115322?
1
What is the ten thousands digit of 11733444?
3
What is the ten thousands digit of 1726807?
2
What is the ten thousands digit of 214040?
1
What is the hundred thousands digit of 24832782?
8
What is the hundred thousands digit of 225088?
2
What is the hundred thousands digit of 2162896?
1
What is the units digit of 341818?
8
What is the units digit of 124260?
0
What is the hundreds digit of 4637791?
7
What is the hundreds digit of 12747470?
4
What is the hundred thousands digit of 5914873?
9
What is the ten thousands digit of 2043916?
4
What is the hundred thousands digit of 3289813?
2
What is the thousands digit of 356773?
6
What is the thousands digit of 9768485?
8
What is the tens digit of 147834?
3
What is the units digit of 505304?
4
What is the units digit of 1465505?
5
What is the units digit of 15844946?
6
What is the thousands digit of 982551?
2
What is the thousands digit of 1904939?
4
What is the tens digit of 75279?
7
What is the tens digit of 20268?
6
What is the tens digit of 97102?
0
What is the units digit of 72909?
9
What is the hundreds digit of 1050557?
5
What is the ten thousands digit of 231148?
3
What is the units digit of 35135?
5
What is the tens digit of 71100?
0
What is the hundred thousands digit of 8557940?
5
What is the hundreds digit of 2601924?
9
What is the tens digit of 366106?
0
What is the hundred thousands digit of 934628?
9
What is the hundred thousands digit of 17913529?
9
What is the tens digit of 8147737?
3
What is the thousands digit of 47006?
7
What is the ten thousands digit of 349035?
4
What is the hundreds digit of 374661?
6
What is the hundreds digit of 781649?
6
What is the thousands digit of 48258?
8
What is the ten thousands digit of 392932?
9
What is the tens digit of 16510048?
4
What is the units digit of 178600?
0
What is the tens digit of 4746697?
9
What is the ten thousands digit of 3875410?
7
What is the tens digit of 423008?
0
What is the units digit of 590401?
1
What is the thousands digit of 1651175?
1
What is the ten thousands digit of 8552024?
5
What is the hundreds digit of 926310?
3
What is the thousands digit of 22697819?
7
What is the tens digit of 168467?
6
What is the tens digit of 1163193?
9
What is the hundred thousands digit of 555489?
5
What is the hundred thousands digit of 16302467?
3
What is the units digit of 354654?
4
What is the hundred thousands digit of 8286498?
2
What is the hundred thousands digit of 167817?
1
What is the tens digit of 247290?
9
What is the hundred thousands digit of 37395040?
3
What is the hundreds digit of 67594?
5
What is the hundreds digit of 7186470?
4
What is the hundred thousands digit of 605854?
6
What is the millions digit of 1876811?
1
What is the hundreds digit of 7053106?
1
What is the tens digit of 22257418?
1
What is the thousands digit of 218058?
8
What is the ten thousands digit of 205608?
0
What is the thousands digit of 264870?
4
What is the hundreds digit of 507699?
6
What is the ten millions digit of 32428579?
3
What is the units digit of 16289778?
8
What is the tens digit of 371457?
5
What is the tens digit of 1240954?
5
What is the thousands digit of 525986?
5
What is the millions digit of 5673866?
5
What is the thousands digit of 6564316?
4
What is the ten millions digit of 26056900?
2
What is the tens digit of 39061?
6
What is the thousands digit of 201651?
1
What is the thousands digit of 1090086?
0
What is the hundreds digit of 2516848?
8
What is the units digit of 1651085?
5
What is the units digit of 7310710?
0
What is the hundreds digit of 24785?
7
What is the thousands digit of 19473856?
3
What is the units digit of 3712545?
5
What is the thousands digit of 191492?
1
What is the thousands digit of 753016?
3
What is the thousands digit of 1889962?
9
What is the tens digit of 625315?
1
What is the ten millions digit of 20117647?
2
What is the tens digit of 191922?
2
What is the ten thousands digit of 75976?
7
What is the millions digit of 5840814?
5
What is the tens digit of 6217828?
2
What is the units digit of 1480798?
8
What is the ten thousands digit of 1709880?
0
What is the ten thousands digit of 74812?
7
What is the thousands digit of 5202349?
2
What is the hundred thousands digit of 425944?
4
What is the hundreds digit of 17410610?
6
What is the units digit of 807764?
4
What is the hundreds digit of 509206?
2
What is the units digit of 641911?
1
What is the millions digit of 4445351?
4
What is the thousands digit of 4819975?
9
What is the hundreds digit of 1275149?
1
What is the hundred thousands digit of 467550?
4
What is the thousands digit of 1969374?
9
What is the ten thousands digit of 758222?
5
What is the ten thousands digit of 2656102?
5
What is the tens digit of 24213?
1
What is the hundred thousands digit of 494562?
4
What is the ten thousands digit of 882662?
8
What is the tens digit of 61520?
2
What is the millions digit of 2623753?
2
What is the ten thousands digit of 7008298?
0
What is the thousands digit of 99628?
9
What is the units digit of 1955909?
9
What is the tens digit of 417216?
1
What is the hundred thousands digit of 820152?
8
What is the hundred thousands digit of 299430?
2
What is the units digit of 122946?
6
What is the thousands digit of 1140915?
0
What is the ten thousands digit of 440460?
4
What is the thousands digit of 554543?
4
What is the millions digit of 2225204?
2
What is the hundred thousands digit of 213387?
2
What is the units digit of 2330594?
4
What is the ten thousands digit of 319922?
1
What is the hundred thousands digit of 1542802?
5
What is the tens digit of 1054486?
8
What is the hundreds digit of 40020?
0
What is the millions digit of 10508472?
0
What is the units digit of 107769?
9
What is the ten thousands digit of 141376?
4
What is the thousands digit of 551518?
1
What is the millions digit of 4726940?
4
What is the thousands digit of 3565656?
5
What is the hundred thousands digit of 125655?
1
What is the ten thousands digit of 622061?
2
What is the hundreds digit of 449671?
6
What is the thousands digit of 3268819?
8
What is the ten thousands digit of 25559?
2
What is the hundred thousands digit of 708188?
7
What is the ten thousands digit of 1118157?
1
What is the tens digit of 8545420?
2
What is the units digit of 20084411?
1
What is the thousands digit of 3461241?
1
What is the thousands 